NOAA style reports

NOAA-style Climate Reports

Select NOAA data to display

Select a Year or Month report

Report for 2022 Jul

Daily noaa report



                            MONTHLY CLIMATOLOGICAL SUMMARY for JUL. 2022

NAME: DW8463   CITY: Zumbrota STATE: Minnesota
ELEV: 978 ft LAT: 044:18:07 LONG: 0092:40:30

                            TEMPERATURE ( F), RAIN (in.), WIND SPEED (mph)

                                               HEAT     COOL           AVG
      MEAN                                     DEG      DEG            WIND                       DOM
DAY   TEMP    HIGH   TIME     LOW    TIME      DAYS     DAYS    RAIN   SPEED    HIGH    TIME      DIR
--------------------------------------------------------------------------------------------------------
01    68.8   081.5   17:27    58.0   06:01     00.0     03.8   00.01   02.1     19.6    16:06     WNW
02    64.0   073.0   18:12    55.9   03:52     00.9     00.0   00.12   01.1     18.4    11:36     NNW
03    71.3   082.6   16:55    57.1   05:52     00.0     06.3   00.01   01.8     12.7    14:17     SSE
04    73.3   083.7   17:24    67.4   05:53     00.0     08.4   00.53   01.8     19.6    08:10     SSE
05    77.4   088.7   15:02    69.6   05:51     00.0     12.5   00.13   01.8     17.3    21:44     ENE
06    73.3   081.6   16:36    65.7   05:57     00.0     08.4   00.00   02.2     11.5    17:44      NE
07    75.4   086.9   16:43    66.6   05:22     00.0     10.4   00.11   01.5     17.3    21:45     ESE
08    72.7   079.1   14:50    65.3   00:00     00.0     07.8   00.27   02.5     14.9    15:27     ENE
09    71.2   081.5   16:15    61.7   04:57     00.0     06.3   00.00   01.8     11.5    17:43     ESE
10    73.5   084.1   16:00    60.8   06:06     00.0     08.5   00.14   02.7     18.4    14:48     SSE
11    75.7   082.9   15:22    65.0   00:00     00.0     10.7   00.00   04.4     25.3    18:09     WNW
12    70.9   083.2   16:25    59.3   04:55     00.0     06.0   00.52   03.7     19.6    20:46     WNW
13    67.0   077.6   17:03    56.6   05:59     00.0     02.1   00.01   01.8     11.5    15:37     NNE
14    70.5   083.4   15:06    54.2   06:10     00.0     05.6   00.01   02.7     17.3    22:18      SE
15    74.7   083.6   17:01    65.1   07:16     00.0     09.8   00.04   03.0     19.6    05:54      E 
16    71.7   081.5   17:13    63.6   04:52     00.0     06.7   00.00   01.3     11.5    15:50     ENE
17    74.3   085.3   15:48    64.1   04:08     00.0     09.4   00.00   01.2     10.3    14:35      NE
18    77.2   089.4   16:21    62.8   06:03     00.0     12.3   00.00   01.9     13.8    17:43     SSW
19    76.9   087.2   13:44    69.3   00:00     00.0     12.0   00.00   03.9     28.8    12:53      S 
20    75.5   085.2   16:55    66.3   00:00     00.0     10.6   00.00   05.4     25.3    15:12     WNW
21    73.2   082.4   17:11    63.6   00:00     00.0     08.2   00.39   03.6     28.8    06:36      NW
22    76.3   088.8   16:07    62.0   01:53     00.0     11.4   00.00   01.6     17.3    05:10      W 
23    70.8   081.2   10:47    62.2   06:09     00.0     05.9   00.38   02.0     24.1    13:11      E 
24    69.9   078.9   15:16    58.4   00:00     00.0     05.0   00.00   04.1     19.6    13:25      NW
25    63.8   074.0   15:00    51.2   06:08     01.2     00.0   00.02   01.1     11.5    14:13      W 
26    69.7   078.9   15:00    61.3   05:22     00.0     04.7   00.16   01.7     19.6    22:59      S 
27    69.8   080.5   15:55    61.0   00:00     00.0     04.9   00.00   03.0     19.6    18:20      W 
28    65.3   075.2   17:15    54.6   06:24     00.0     00.3   00.00   03.6     23.0    13:35      NW
29    65.2   077.5   16:11    52.9   05:49     00.0     00.3   00.00   02.4     16.1    14:42     WNW
30    68.6   082.1   16:46    51.7   06:17     00.0     03.7   00.00   01.9     14.9    16:56     SSW
31    71.5   082.5   16:35    57.2   06:28     00.0     06.6   00.00   03.1     20.7    13:12      S 
--------------------------------------------------------------------------------------------------------
71.6 (71.5)   89.4  day 18     51.2  day 25   002.1    208.4   02.82   02.5     28.8   day 20     WNW
Max >=  86: 5
Min <=  86: 31
Max Rain: 0.53 ON 4-07-22
Days of Rain: 16 (> .008in) 10 (> .08in) 0 (> 0.8in)