NOAA style reports

NOAA-style Climate Reports

Select NOAA data to display

Select a Year or Month report

Report for 2022 May

Daily noaa report



                            MONTHLY CLIMATOLOGICAL SUMMARY for MAY. 2022

NAME: DW8463   CITY: Zumbrota STATE: Minnesota
ELEV: 978 ft LAT: 044:18:07 LONG: 0092:40:30

                            TEMPERATURE ( F), RAIN (in.), WIND SPEED (mph)

                                               HEAT     COOL           AVG
      MEAN                                     DEG      DEG            WIND                       DOM
DAY   TEMP    HIGH   TIME     LOW    TIME      DAYS     DAYS    RAIN   SPEED    HIGH    TIME      DIR
--------------------------------------------------------------------------------------------------------
01    45.7   049.3   01:29    41.9   00:00     19.3     00.0   00.07   04.9     24.1    17:30      W 
02    43.3   047.1   17:54    40.0   07:00     21.6     00.0   00.01   03.6     18.4    09:02      NW
03    47.8   059.1   17:02    39.7   23:25     17.2     00.0   00.00   04.6     19.6    12:25     NNE
04    48.4   062.9   17:42    30.8   06:28     16.5     00.0   00.00   01.7     12.7    15:19     ESE
05    50.1   062.3   17:24    36.7   04:45     14.8     00.0   00.00   01.4     11.5    16:32      E 
06    54.4   070.0   16:15    36.5   06:25     10.5     00.0   00.00   03.1     19.6    15:56     ESE
07    58.7   072.2   16:14    40.8   06:02     06.2     00.0   00.00   05.2     24.1    15:12      SE
08    56.9   064.8   15:17    50.3   10:02     08.0     00.0   00.11   07.5     29.9    13:21      SE
09    69.6   085.6   18:01    53.9   04:02     00.0     04.7   00.09   07.0     29.9    13:00     SSE
10    66.6   078.7   17:28    54.4   02:31     00.0     01.6   00.00   03.2     14.9    15:08      N 
11    67.8   082.0   14:15    57.2   04:08     00.0     02.9   00.63   03.9     23.0    17:20      E 
12    79.1   093.5   15:54    62.0   06:14     00.0     14.1   00.08   04.5     24.1    17:48     SSE
13    69.8   077.6   12:59    54.0   00:00     00.0     04.8   00.00   02.9     19.6    09:54      SW
14    64.6   081.3   12:22    47.4   04:56     00.3     00.0   00.00   03.6     23.0    15:54     WNW
15    60.8   074.8   15:32    43.5   06:08     04.1     00.0   00.00   03.4     20.7    16:14     WNW
16    59.7   072.0   14:47    44.8   06:16     05.2     00.0   00.00   04.4     26.4    15:17      NW
17    56.7   067.3   16:11    45.1   06:03     08.3     00.0   00.25   01.9     12.7    15:31      SE
18    60.8   073.7   17:29    53.2   06:09     04.1     00.0   00.00   02.1     13.8    18:31      SE
19    58.8   072.6   12:01    46.3   06:07     06.1     00.0   00.33   02.4     23.0    18:00      E 
20    56.9   064.5   17:04    51.4   00:00     08.1     00.0   00.12   03.5     19.6    15:44      W 
21    49.6   056.4   14:27    44.7   06:27     15.4     00.0   00.00   04.7     18.4    02:42      NW
22    47.5   058.2   18:00    35.9   04:35     17.4     00.0   00.00   03.3     20.7    12:36      NW
23    50.0   064.0   17:24    32.0   06:04     15.0     00.0   00.00   01.7     16.1    12:12      E 
24    55.9   067.4   15:24    44.1   04:35     09.0     00.0   00.04   02.8     19.6    17:36     ESE
25    50.4   053.4   18:38    47.4   07:51     14.5     00.0   00.78   04.6     18.4    07:40      NE
26    50.6   056.2   18:37    46.5   06:33     14.3     00.0   00.05   03.8     14.9    13:54     NNW
27    59.4   074.6   18:00    41.1   06:03     05.5     00.0   00.00   01.6     12.7    11:11      NW
28    69.4   083.6   17:40    55.6   01:59     00.0     04.5   00.11   04.6     25.3    14:07     SSE
29    72.2   081.1   15:30    64.7   06:14     00.0     07.2   00.00   04.4     26.4    15:38     SSE
30    77.4   087.9   17:30    68.7   07:09     00.0     12.5   00.02   06.8     32.2    17:54     SSE
31    67.3   076.0   14:29    57.8   22:38     00.0     02.4   00.04   06.4     28.8    03:41     WSW
--------------------------------------------------------------------------------------------------------
58.9 (58.7)   93.5  day 12     30.8  day 04   241.6    054.7   02.72   03.9     32.2   day 08     SSE
Max >=  86: 2
Min <=  86: 31
Max Rain: 0.78 ON 25-05-22
Days of Rain: 15 (> .008in) 9 (> .08in) 0 (> 0.8in)