NOAA style reports

NOAA-style Climate Reports

Select NOAA data to display

Select a Year or Month report

Report for 2024 May

Daily noaa report



                            MONTHLY CLIMATOLOGICAL SUMMARY for MAY. 2024

NAME: DW8463   CITY: Zumbrota STATE: Minnesota
ELEV: 978 ft LAT: 044:18:07 LONG: 0092:40:30

                            TEMPERATURE ( F), RAIN (in.), WIND SPEED (mph)

                                               HEAT     COOL           AVG
      MEAN                                     DEG      DEG            WIND                       DOM
DAY   TEMP    HIGH   TIME     LOW    TIME      DAYS     DAYS    RAIN   SPEED    HIGH    TIME      DIR
--------------------------------------------------------------------------------------------------------
01    55.4   065.5   16:44    45.4   06:10     09.6     00.0   00.00   05.7     26.4    09:55     WNW
02    50.6   059.0   00:01    44.3   00:00     14.3     00.0   01.13   02.5     19.6    10:40     ENE
03    55.1   070.9   16:08    35.5   05:59     09.8     00.0   00.01   02.0     18.4    13:12      SW
04    49.7   058.4   17:35    40.7   00:00     15.2     00.0   00.37   03.3     19.6    14:52     NNW
05    52.8   067.9   16:18    34.8   06:16     12.2     00.0   00.01   01.2     11.5    15:57     WSW
06    58.7   072.9   16:52    39.8   05:42     06.2     00.0   00.00   04.6     25.3    15:40      SE
07    61.9   070.4   16:20    52.8   00:00     03.1     00.0   00.29   03.9     20.7    16:02     SSE
08    60.2   074.1   17:51    41.4   06:04     04.7     00.0   00.00   02.1     13.8    14:10      NE
09    56.6   064.6   16:52    46.0   23:52     08.4     00.0   00.00   03.0     16.1    17:34     NNE
10    56.0   075.7   15:45    35.6   06:19     08.9     00.0   00.00   03.7     32.2    17:15      NW
11    58.2   073.9   17:33    40.5   06:06     06.8     00.0   00.00   02.7     20.7    13:30      NW
12    70.8   086.0   14:53    53.0   11:00     00.0     05.8   00.00   02.5     34.5    15:50     WSW
13    59.7   070.5   15:09    48.6   23:41     05.3     00.0   00.00   02.2     13.8    15:26      N 
14    58.6   071.2   17:13    45.6   04:37     06.3     00.0   00.00   02.8     17.3    11:59     ENE
15    60.4   073.3   16:31    45.2   04:22     04.5     00.0   00.11   02.1     18.4    14:42      E 
16    60.2   067.5   15:54    51.2   23:47     04.7     00.0   00.14   02.5     18.4    12:25      W 
17    65.8   082.4   16:03    45.4   04:49     00.0     00.9   00.00   02.8     20.7    15:53      S 
18    72.4   084.3   15:22    60.3   00:00     00.0     07.4   00.00   04.0     25.3    10:04      W 
19    59.0   070.1   13:37    42.4   05:38     05.9     00.0   00.01   01.3     11.5    20:00      E 
20    67.6   080.4   15:55    56.2   04:20     00.0     02.7   00.21   02.3     16.1    12:10     ENE
21    63.7   070.6   14:01    57.9   21:25     01.3     00.0   01.84   02.9     28.8    17:37      SE
22    60.1   069.8   17:09    50.1   00:00     04.8     00.0   00.01   05.5     25.3    14:46      W 
23    64.1   077.9   17:12    47.8   06:10     00.8     00.0   00.00   01.4     12.7    19:03      S 
24    62.1   073.3   14:33    48.8   00:00     02.8     00.0   00.19   05.4     28.8    16:52      S 
25    58.0   073.7   14:42    43.1   04:58     06.9     00.0   00.00   01.7     23.0    13:23     SSW
26    59.1   064.1   00:43    51.4   23:59     05.9     00.0   00.00   03.3     18.4    06:45     ENE
27    54.5   067.5   14:34    46.0   05:37     10.4     00.0   00.28   01.2     21.9    15:27     WNW
28    56.5   066.8   16:41    48.1   00:00     08.5     00.0   00.05   02.9     19.6    17:02      NW
29    57.8   070.2   16:47    43.1   06:02     07.1     00.0   00.01   01.4     13.8    14:05     ENE
30    63.7   076.1   17:25    47.2   04:35     01.3     00.0   00.00   03.2     21.9    14:44     SSE
31    64.0   072.6   12:07    60.2   23:37     00.9     00.0   00.47   01.6     12.7    09:04     SSE
--------------------------------------------------------------------------------------------------------
59.8 (59.2)   86.0  day 12     34.8  day 05   176.6    016.8   05.10   02.8     34.5   day 21      SW
Max >=  86: 1
Min <=  86: 31
Max Rain: 1.84 ON 21-05-24
Days of Rain: 16 (> .008in) 10 (> .08in) 2 (> 0.8in)