NOAA style reports

NOAA-style Climate Reports

Select NOAA data to display

Select a Year or Month report

Report for 2024 Feb

Daily noaa report



                            MONTHLY CLIMATOLOGICAL SUMMARY for FEB. 2024

NAME: DW8463   CITY: Zumbrota STATE: Minnesota
ELEV: 978 ft LAT: 044:18:07 LONG: 0092:40:30

                            TEMPERATURE ( F), RAIN (in.), WIND SPEED (mph)

                                               HEAT     COOL           AVG
      MEAN                                     DEG      DEG            WIND                       DOM
DAY   TEMP    HIGH   TIME     LOW    TIME      DAYS     DAYS    RAIN   SPEED    HIGH    TIME      DIR
--------------------------------------------------------------------------------------------------------
01    36.1   049.2   13:59    26.4   03:28     28.8     00.0   00.00   02.2     13.8    13:59      NE
02    30.6   033.5   09:49    25.5   07:54     34.4     00.0   00.00   03.8     19.6    11:17     NNE
03    32.2   040.6   16:05    23.8   00:00     32.8     00.0   00.00   03.2     17.3    08:35      NE
04    30.5   047.2   15:22    20.3   07:38     34.4     00.0   00.00   00.9     11.5    12:47     ENE
05    32.4   049.0   14:22    21.6   05:48     32.5     00.0   00.00   00.5     08.1    15:54      N 
06    37.1   052.9   14:04    22.2   06:22     27.8     00.0   00.00   01.8     16.1    10:07     SSE
07    42.4   049.7   15:04    33.1   02:45     22.6     00.0   00.00   04.8     24.1    23:14      SE
08    44.6   055.3   12:32    36.9   00:00     20.3     00.0   00.06   07.1     31.1    12:19      S 
09    32.4   037.0   00:07    26.8   23:38     32.5     00.0   00.00   06.6     24.1    20:33      W 
10    29.5   033.0   13:19    26.3   07:35     35.4     00.0   00.00   06.6     24.1    06:55     WNW
11    30.6   038.7   14:15    22.8   02:26     34.4     00.0   00.00   02.3     18.4    11:18      SW
12    32.4   043.0   14:23    21.8   07:23     32.6     00.0   00.00   03.2     18.4    13:48     WSW
13    30.2   038.3   13:33    24.7   23:01     34.7     00.0   00.00   01.0     09.2    14:20     NNW
14    35.2   046.2   14:10    26.7   00:01     29.8     00.0   00.12   02.2     14.9    18:49      W 
15    21.7   030.5   00:06    14.8   21:08     43.2     00.0   00.02   04.7     19.6    02:29      W 
16    12.4   018.6   00:44    06.1   00:00     52.6     00.0   00.00   05.6     23.0    12:23      NW
17    16.8   026.6   16:02    04.7   02:28     48.2     00.0   00.00   04.5     29.9    15:50      SW
18    25.2   034.2   14:43    17.1   00:00     39.7     00.0   00.00   03.5     18.4    10:55      W 
19    29.3   045.3   14:26    14.0   06:54     35.6     00.0   00.00   01.7     11.5    16:24     ESE
20    35.4   047.9   13:54    26.7   00:00     29.5     00.0   00.00   01.7     14.9    13:07      S 
21    33.6   049.2   14:12    21.0   06:57     31.3     00.0   00.00   00.7     09.2    13:07     WNW
22    37.0   055.5   12:59    24.0   07:04     28.0     00.0   00.00   03.1     19.6    16:11     WNW
23    29.7   036.6   12:16    18.5   00:00     35.3     00.0   00.00   03.8     19.6    14:34     NNW
24    28.5   043.1   15:32    10.5   06:53     36.4     00.0   00.00   03.7     26.4    21:18     SSE
25    38.6   051.2   14:49    25.7   00:00     26.4     00.0   00.00   02.8     18.4    12:48      W 
26    42.7   067.3   15:46    24.2   02:22     22.3     00.0   00.00   03.2     26.4    11:05     SSE
27    30.7   053.1   10:14    13.8   00:00     34.2     00.0   00.00   06.4     32.2    22:54     WNW
28    11.8   018.9   15:19    04.9   07:20     53.1     00.0   00.00   06.6     27.6    01:06     WNW
29    31.9   056.8   15:13    07.0   00:54     33.0     00.0   00.00   05.0     25.3    15:27     SSE
--------------------------------------------------------------------------------------------------------
31.1 (31.7)   67.3  day 26     04.7  day 17   981.7    000.0   00.20   03.6     32.2   day 27      W 
Max <=  32: 4
Min <=  86: 29
Max <= 23: 2
Min <=  23: 16
Min <=   5: 2
Max Rain: 0.12 ON 14-02-24
Days of Rain: 3 (> .008in) 1 (> .08in) 0 (> 0.8in)