NOAA style reports

NOAA-style Climate Reports

Select NOAA data to display

Select a Year or Month report
V/Λ2024 > Jan Feb Mar Apr May Jun Jul Aug Sep Oct Nov Dec
V/Λ2023 > Jan Feb Mar Apr May Jun Jul Aug Sep Oct Nov Dec
V/Λ2022 > Jan Feb Mar Apr May Jun Jul Aug Sep Oct Nov Dec
V/Λ2021 > Jan Feb Mar Apr May Jun Jul Aug Sep Oct Nov Dec
V/Λ2020 > Jan Feb Mar Apr May Jun Jul Aug Sep Oct Nov Dec
V/Λ2019 > Jan Feb Mar Apr May Jun Jul Aug Sep Oct Nov Dec
V/Λ2018 > Jan Feb Mar Apr May Jun Jul Aug Sep Oct Nov Dec
V/Λ2017 > Jan Feb Mar Apr May Jun Jul Aug Sep Oct Nov Dec
V/Λ2016 > Jan Feb Mar Apr May Jun Jul Aug Sep Oct Nov Dec
V/Λ2015 > Jan Feb Mar Apr May Jun Jul Aug Sep Oct Nov Dec
V/Λ2014 > Jan Feb Mar Apr May Jun Jul Aug Sep Oct Nov Dec

Report for 2023 Nov

Daily noaa report



                            MONTHLY CLIMATOLOGICAL SUMMARY for NOV. 2023

NAME: DW8463   CITY: Zumbrota STATE: Minnesota
ELEV: 978 ft LAT: 044:18:07 LONG: 0092:40:30

                            TEMPERATURE ( F), RAIN (in.), WIND SPEED (mph)

                                               HEAT     COOL           AVG
      MEAN                                     DEG      DEG            WIND                       DOM
DAY   TEMP    HIGH   TIME     LOW    TIME      DAYS     DAYS    RAIN   SPEED    HIGH    TIME      DIR
--------------------------------------------------------------------------------------------------------
01    27.3   037.3   17:25    17.6   04:58     37.7     00.0   00.01   01.5     14.9    14:19      S 
02    30.8   045.8   16:07    19.7   08:02     34.1     00.0   00.00   00.9     11.5    16:36      S 
03    40.3   049.4   14:24    28.8   00:00     24.6     00.0   00.00   01.0     11.5    01:52      W 
04    35.2   051.5   14:36    22.6   07:52     29.7     00.0   00.00   00.7     10.3    16:30     WSW
05    46.1   057.3   16:03    30.3   03:44     18.9     00.0   00.00   03.1     26.4    19:35      S 
06    48.8   058.2   11:47    40.3   00:00     16.1     00.0   00.00   05.5     26.4    13:44      SW
07    42.0   046.6   23:39    38.1   07:09     22.9     00.0   00.00   04.1     18.4    23:23      E 
08    44.1   049.2   19:21    36.4   00:00     20.9     00.0   00.00   03.6     26.4    20:37     SSW
09    38.9   049.7   13:47    31.0   03:15     26.1     00.0   00.00   03.9     26.4    12:34      SW
10    36.6   038.9   13:32    34.6   05:26     28.4     00.0   00.00   03.3     18.4    13:10      W 
11    38.1   044.6   00:00    24.7   06:59     26.9     00.0   00.00   03.7     24.1    23:50      SE
12    46.4   059.1   13:32    34.8   00:00     18.5     00.0   00.00   03.9     19.6    14:35     SSE
13    40.4   056.0   13:39    30.4   07:43     24.5     00.0   00.00   01.7     17.3    11:42     WSW
14    52.2   064.6   14:37    33.2   01:34     12.7     00.0   00.00   05.9     34.5    13:25     SSE
15    44.6   059.9   13:18    30.0   07:11     20.3     00.0   00.00   00.9     09.2    02:41     SSE
16    52.7   069.6   12:34    37.0   00:00     12.2     00.0   00.00   06.8     35.6    13:04     SSW
17    33.8   044.1   14:11    23.6   06:23     31.1     00.0   00.00   01.6     12.7    15:14     WSW
18    37.1   054.6   13:58    24.9   06:57     27.8     00.0   00.00   01.6     16.1    13:13      W 
19    38.9   055.7   14:02    23.3   07:06     26.1     00.0   00.00   01.8     13.8    12:16      E 
20    40.9   043.8   16:09    37.0   23:52     24.1     00.0   00.00   02.4     13.8    10:40     ENE
21    34.1   040.1   11:26    24.4   23:49     30.8     00.0   00.02   02.7     18.4    14:13     WNW
22    32.6   044.6   13:19    20.1   07:31     32.3     00.0   00.00   02.1     19.6    13:19     SSW
23    27.6   038.1   00:04    18.0   20:59     37.4     00.0   00.00   05.3     21.9    10:50      NW
24    19.5   026.9   13:31    11.3   07:35     45.5     00.0   00.00   02.4     13.8    11:37     NNW
25    24.1   031.1   14:09    16.7   05:17     40.8     00.0   00.00   01.1     10.3    11:56     SSW
26    24.8   032.0   15:55    20.0   08:28     40.2     00.0   00.02   04.5     29.9    17:56     WNW
27    15.2   021.3   00:28    09.4   00:00     49.8     00.0   00.00   05.8     19.6    14:02     WNW
28    15.5   028.3   14:13    00.2   07:38     49.4     00.0   00.01   02.3     18.4    17:17     SSW
29    30.3   045.5   14:11    21.1   04:28     34.6     00.0   00.00   01.5     16.1    12:45      SW
30    29.8   041.2   13:14    18.1   23:37     35.1     00.0   00.00   02.6     17.3    12:14     WNW
--------------------------------------------------------------------------------------------------------
35.6 (35.7)   69.6  day 16     00.2  day 28   879.5    000.0   00.06   02.9     35.7   day 16      SW
Max <=  32: 5
Min <=  86: 30
Max <= 23: 1
Min <=  23: 12
Min <=   5: 1
Max Rain: 0.02 ON 21-11-23
Days of Rain: 4 (> .008in) 0 (> .08in) 0 (> 0.8in)