NOAA style reports

NOAA-style Climate Reports

Select NOAA data to display

Select a Year or Month report

Report for 2023 Sep

Daily noaa report



                            MONTHLY CLIMATOLOGICAL SUMMARY for SEP. 2023

NAME: DW8463   CITY: Zumbrota STATE: Minnesota
ELEV: 978 ft LAT: 044:18:07 LONG: 0092:40:30

                            TEMPERATURE ( F), RAIN (in.), WIND SPEED (mph)

                                               HEAT     COOL           AVG
      MEAN                                     DEG      DEG            WIND                       DOM
DAY   TEMP    HIGH   TIME     LOW    TIME      DAYS     DAYS    RAIN   SPEED    HIGH    TIME      DIR
--------------------------------------------------------------------------------------------------------
01    71.1   087.5   16:24    54.6   05:44     00.0     06.2   00.00   02.6     20.7    12:34      S 
02    78.3   092.0   14:31    65.6   07:10     00.0     13.4   00.00   02.7     23.0    12:20     SSW
03    82.0   097.6   15:03    68.5   06:44     00.0     17.0   00.00   02.8     17.3    10:32     SSW
04    81.5   095.5   15:32    67.3   07:09     00.0     16.6   00.00   02.7     19.6    15:00      S 
05    79.5   090.8   16:53    70.9   02:03     00.0     14.5   00.01   02.9     20.7    14:01      S 
06    65.1   072.8   00:04    59.0   00:00     00.0     00.2   00.00   05.0     19.6    14:17      NW
07    58.5   062.9   12:28    52.7   00:00     06.4     00.0   00.00   02.4     11.5    14:25     NNW
08    59.8   074.4   17:14    46.0   06:02     05.1     00.0   00.00   00.9     09.2    14:16      NE
09    64.7   081.8   14:57    50.5   02:57     00.3     00.0   00.00   01.2     11.5    11:45      SW
10    62.6   069.9   14:50    55.3   00:00     02.3     00.0   00.00   02.1     11.5    15:28     NNW
11    59.3   072.7   16:40    47.9   06:40     05.6     00.0   00.01   01.7     16.1    13:23      N 
12    56.6   067.8   15:19    47.6   00:00     08.3     00.0   00.10   02.4     17.3    15:34      NW
13    51.4   067.1   16:22    37.7   07:06     13.5     00.0   00.00   00.8     10.3    13:28     NNE
14    61.2   081.4   15:47    42.9   04:33     03.7     00.0   00.00   01.7     18.4    15:12     SSE
15    61.4   067.0   16:14    52.7   23:36     03.5     00.0   00.38   01.1     12.7    15:15     SSW
16    60.1   072.9   15:31    50.9   07:43     04.8     00.0   00.02   01.8     16.1    14:44     NNW
17    57.3   071.7   15:13    46.6   07:01     07.6     00.0   00.00   01.0     11.5    15:13     NNW
18    60.0   076.6   16:31    42.3   07:13     04.9     00.0   00.00   01.6     12.7    16:28      SE
19    67.2   082.3   16:26    55.5   07:16     00.0     02.3   00.00   02.2     14.9    14:44     ESE
20    67.2   083.3   14:34    52.7   06:56     00.0     02.3   00.00   01.5     13.8    14:46      SE
21    68.1   082.1   14:52    57.5   00:00     00.0     03.2   00.00   01.3     13.8    12:56      E 
22    65.8   072.8   14:21    57.5   00:05     00.0     00.9   00.03   02.4     16.1    12:14      E 
23    64.8   070.8   15:56    62.0   19:36     00.1     00.0   01.30   02.7     17.3    22:03     ESE
24    66.0   074.8   14:09    58.9   07:36     00.0     01.1   00.28   02.9     17.3    04:24      SE
25    62.3   070.9   11:57    58.4   23:24     02.7     00.0   00.32   01.0     11.5    15:43      S 
26    62.6   068.4   16:20    58.9   00:51     02.4     00.0   00.03   02.7     16.1    14:39      NE
27    64.6   072.7   15:46    61.0   06:55     00.4     00.0   00.00   02.6     16.1    15:45     ENE
28    64.4   071.3   15:39    59.0   23:53     00.6     00.0   00.00   03.1     17.3    17:51     ESE
29    66.6   079.3   16:02    58.0   03:01     00.0     01.7   00.12   03.1     20.7    16:57     ESE
30    77.3   089.9   15:43    69.5   03:35     00.0     12.4   00.00   02.6     18.4    15:42     SSE
--------------------------------------------------------------------------------------------------------
65.6 (66.5)   97.6  day 03     37.7  day 13   072.4    091.7   02.57   02.2     23.0   day 06     ESE
Max >=  86: 6
Min <=  86: 30
Max Rain: 1.30 ON 23-09-23
Days of Rain: 11 (> .008in) 6 (> .08in) 1 (> 0.8in)