NOAA style reports

NOAA-style Climate Reports

Select NOAA data to display

Select a Year or Month report

Report for 2023 Jul

Daily noaa report



                            MONTHLY CLIMATOLOGICAL SUMMARY for JUL. 2023

NAME: DW8463   CITY: Zumbrota STATE: Minnesota
ELEV: 978 ft LAT: 044:18:07 LONG: 0092:40:30

                            TEMPERATURE ( F), RAIN (in.), WIND SPEED (mph)

                                               HEAT     COOL           AVG
      MEAN                                     DEG      DEG            WIND                       DOM
DAY   TEMP    HIGH   TIME     LOW    TIME      DAYS     DAYS    RAIN   SPEED    HIGH    TIME      DIR
--------------------------------------------------------------------------------------------------------
01    73.0   082.3   13:47    63.7   06:05     00.0     08.1   00.00   01.0     10.3    15:00     NNW
02    73.9   086.6   17:18    61.1   05:45     00.0     09.0   00.00   01.2     11.5    13:18     NNW
03    76.5   091.9   15:27    62.3   04:48     00.0     11.6   00.09   01.8     18.4    21:11      SW
04    74.0   084.8   16:08    62.7   04:16     00.0     09.0   00.39   01.5     17.3    23:20     SSW
05    68.9   076.6   14:38    57.5   23:58     00.0     04.0   00.01   03.3     18.4    17:49      NW
06    62.0   072.2   17:32    51.7   00:00     02.9     00.0   00.00   02.3     12.7    14:59      NW
07    60.7   072.4   12:27    46.2   05:45     04.2     00.0   00.00   00.9     13.8    19:27     WSW
08    63.7   077.9   17:08    49.9   06:05     01.3     00.0   00.00   02.0     13.8    18:44     WNW
09    67.4   082.0   16:24    48.7   05:15     00.0     02.4   00.00   02.2     18.4    14:36      SW
10    76.4   089.9   17:11    63.2   04:57     00.0     11.5   00.00   02.9     19.6    13:48      SW
11    66.1   074.7   15:49    55.9   06:18     00.0     01.1   00.00   02.2     13.8    11:21      N 
12    62.5   070.3   15:07    55.7   04:28     02.5     00.0   00.11   01.6     13.8    09:06     ENE
13    71.9   084.5   16:10    59.9   00:01     00.0     07.0   00.01   02.5     19.6    15:55     WSW
14    72.5   085.8   13:42    60.6   05:58     00.0     07.5   00.00   01.8     29.9    18:39      SW
15    68.4   080.8   14:44    55.4   06:24     00.0     03.4   00.00   02.4     19.6    18:00     WNW
16    65.3   077.9   14:01    50.9   05:33     00.0     00.3   00.00   03.2     23.0    17:19     WNW
17    61.3   072.4   14:59    49.5   04:56     03.6     00.0   00.00   02.5     16.1    12:06     WNW
18    65.5   080.2   16:09    49.9   06:25     00.0     00.6   00.00   00.8     11.5    12:49     WSW
19    71.6   084.5   16:41    58.7   05:10     00.0     06.7   00.08   02.3     24.1    23:02     SSW
20    67.4   076.1   16:53    58.9   00:00     00.0     02.5   00.01   03.5     19.6    12:39      NW
21    68.1   083.4   16:08    52.4   05:43     00.0     03.2   00.00   01.6     16.1    17:01      NW
22    67.6   084.8   16:55    55.5   06:08     00.0     02.6   00.75   01.5     19.6    17:17      W 
23    69.3   082.6   17:44    55.3   06:00     00.0     04.3   00.01   00.8     11.5    13:17     WNW
24    71.4   086.0   14:38    57.8   06:03     00.0     06.5   00.00   00.7     09.2    17:02      S 
25    76.7   089.8   16:39    61.8   06:26     00.0     11.8   00.00   01.5     16.1    13:07      SE
26    74.7   088.7   17:21    65.4   08:08     00.0     09.7   01.49   01.8     31.1    02:31      NW
27    80.0   091.7   15:53    69.3   02:34     00.0     15.1   00.00   02.4     19.6    22:08     SSE
28    74.1   084.7   15:24    66.8   23:46     00.0     09.1   00.05   02.2     25.3    18:07      NE
29    70.0   080.4   16:55    60.3   00:00     00.0     05.1   00.01   02.6     17.3    15:04     NNW
30    67.0   078.7   14:17    55.3   06:15     00.0     02.1   00.00   01.4     13.8    11:57     NNW
31    67.7   081.1   16:37    52.3   06:34     00.0     02.8   00.00   01.1     11.5    16:55     ENE
--------------------------------------------------------------------------------------------------------
69.5 (69.5)   91.9  day 03     46.2  day 07   014.4    156.9   02.98   01.9     31.1   day 28     WNW
Max >=  86: 7
Min <=  86: 31
Max Rain: 1.49 ON 26-07-23
Days of Rain: 12 (> .008in) 6 (> .08in) 1 (> 0.8in)