NOAA style reports

NOAA-style Climate Reports

Select NOAA data to display

Select a Year or Month report

Report for 2023 Jun

Daily noaa report



                            MONTHLY CLIMATOLOGICAL SUMMARY for JUN. 2023

NAME: DW8463   CITY: Zumbrota STATE: Minnesota
ELEV: 978 ft LAT: 044:18:07 LONG: 0092:40:30

                            TEMPERATURE ( F), RAIN (in.), WIND SPEED (mph)

                                               HEAT     COOL           AVG
      MEAN                                     DEG      DEG            WIND                       DOM
DAY   TEMP    HIGH   TIME     LOW    TIME      DAYS     DAYS    RAIN   SPEED    HIGH    TIME      DIR
--------------------------------------------------------------------------------------------------------
01    73.5   088.4   12:49    63.2   06:38     00.0     08.6   00.18   01.9     19.6    13:35     SSE
02    72.1   089.5   13:16    61.3   03:47     00.0     07.1   00.03   01.5     19.6    15:41     ESE
03    75.5   089.5   17:04    63.3   06:42     00.0     10.5   00.00   01.5     11.5    17:53     ENE
04    76.4   090.5   17:31    62.9   02:47     00.0     11.4   00.00   01.6     13.8    14:40     ENE
05    74.6   088.9   14:09    59.3   06:14     00.0     09.6   00.00   01.2     13.8    15:48     ENE
06    74.5   085.1   15:34    66.9   06:07     00.0     09.6   00.00   01.6     11.5    18:09     ENE
07    70.8   081.9   16:05    60.9   00:00     00.0     05.9   00.00   02.2     14.9    15:02      E 
08    69.0   083.0   17:11    56.5   00:00     00.0     04.1   00.00   01.7     11.5    18:05     ESE
09    67.1   087.1   17:05    47.9   06:15     00.0     02.2   00.00   00.9     11.5    17:38      S 
10    68.2   086.8   15:02    55.0   05:47     00.0     03.2   00.13   01.9     17.3    17:29     NNE
11    59.2   069.7   17:14    46.8   00:00     05.8     00.0   00.00   05.1     23.0    15:19     NNE
12    60.2   077.0   16:06    41.3   05:07     04.7     00.0   00.00   02.4     25.3    14:16      NW
13    67.9   083.5   14:30    51.6   06:21     00.0     02.9   00.00   02.6     20.7    13:38     NNW
14    69.0   085.7   15:38    51.0   06:21     00.0     04.1   00.00   01.7     13.8    12:21      NW
15    62.8   073.4   17:06    54.2   04:51     02.1     00.0   00.00   02.9     13.8    15:37      NE
16    62.3   080.4   17:41    42.4   06:22     02.6     00.0   00.00   01.6     16.1    17:32     ESE
17    69.2   086.2   15:45    49.1   06:16     00.0     04.2   00.00   01.6     12.7    10:41     SSE
18    69.1   078.1   16:25    63.0   08:27     00.0     04.1   00.74   02.0     18.4    15:47      E 
19    76.4   092.7   16:50    61.9   05:25     00.0     11.5   00.00   01.6     11.5    17:07      SE
20    76.9   089.6   17:14    62.4   06:17     00.0     11.9   00.00   02.3     16.1    15:08     ESE
21    75.3   091.9   16:47    56.9   06:07     00.0     10.3   00.00   01.6     12.7    17:33      SE
22    76.5   092.1   14:36    60.4   06:16     00.0     11.5   00.00   01.2     11.5    18:17     ESE
23    75.7   090.9   15:01    62.7   03:46     00.0     10.8   00.02   01.2     16.1    19:37     ESE
24    72.1   085.9   15:28    61.6   06:01     00.0     07.2   00.13   01.5     16.1    12:05     SSE
25    67.2   074.7   15:06    61.9   06:12     00.0     02.2   00.32   04.2     23.0    17:55      NW
26    68.2   078.4   17:48    58.5   00:00     00.0     03.3   00.00   05.0     19.6    16:19     NNW
27    67.1   083.0   17:28    53.9   06:09     00.0     02.2   00.00   00.7     08.1    13:05     SSE
28    74.0   084.8   17:04    63.6   06:58     00.0     09.0   00.02   03.1     21.9    13:06      S 
29    73.2   087.0   15:57    63.9   06:18     00.0     08.2   00.31   01.3     20.7    17:08     WNW
30    72.9   083.3   17:26    61.0   06:02     00.0     08.0   00.01   01.2     11.5    17:30     WNW
--------------------------------------------------------------------------------------------------------
70.6 (71.1)   92.7  day 19     41.3  day 12   015.3    183.8   01.87   02.0     25.3   day 25     ENE
Max >=  86: 14
Min <=  86: 30
Max Rain: 0.74 ON 18-06-23
Days of Rain: 10 (> .008in) 6 (> .08in) 0 (> 0.8in)