NOAA style reports

NOAA-style Climate Reports

Select NOAA data to display

Select a Year or Month report

Report for 2022 Mar

Daily noaa report



                            MONTHLY CLIMATOLOGICAL SUMMARY for MAR. 2022

NAME: DW8463   CITY: Zumbrota STATE: Minnesota
ELEV: 978 ft LAT: 044:18:07 LONG: 0092:40:30

                            TEMPERATURE ( F), RAIN (in.), WIND SPEED (mph)

                                               HEAT     COOL           AVG
      MEAN                                     DEG      DEG            WIND                       DOM
DAY   TEMP    HIGH   TIME     LOW    TIME      DAYS     DAYS    RAIN   SPEED    HIGH    TIME      DIR
--------------------------------------------------------------------------------------------------------
01    33.6   037.9   16:02    26.9   00:00     31.3     00.0   00.00   00.5     12.7    09:29     NNW
02    29.2   033.7   11:59    22.1   00:00     35.7     00.0   00.02   02.2     18.4    16:04     NNW
03    22.0   025.6   17:02    17.8   08:02     42.9     00.0   00.00   00.7     11.5    08:37     NNE
04    31.0   038.1   17:05    18.6   00:02     34.0     00.0   00.00   03.2     21.9    13:21     ESE
05    36.0   040.3   12:22    32.1   00:00     28.9     00.0   00.46   01.5     19.6    23:25     NNE
06    28.4   032.2   00:02    25.1   00:00     36.5     00.0   00.01   06.4     26.4    03:15     WNW
07    24.5   029.7   15:53    20.4   07:45     40.5     00.0   00.00   05.0     20.7    03:23      NW
08    30.0   042.2   14:11    21.5   06:47     34.9     00.0   00.00   03.5     23.0    13:54     WSW
09    18.6   025.2   00:42    10.7   00:00     46.3     00.0   00.00   07.9     23.0    15:33      NW
10    16.4   026.8   15:37    08.6   11:07     48.6     00.0   00.00   01.4     17.3    13:55     WSW
11    13.2   021.2   03:52    09.8   10:01     51.7     00.0   00.00   09.0     28.8    15:46     WNW
12    16.5   026.9   20:07    10.7   14:42     48.4     00.0   00.00   03.7     20.7    21:29     WSW
13    34.5   046.7   16:04    23.0   07:02     30.4     00.0   00.00   01.7     19.6    11:56     WNW
14    35.2   040.2   13:09    30.4   23:59     29.7     00.0   00.00   01.7     21.9    10:26      NE
15    37.3   052.2   16:09    25.8   03:26     27.6     00.0   00.00   00.3     12.7    13:16      S 
16    46.7   060.5   14:46    30.6   02:03     18.2     00.0   00.00   01.0     21.9    10:25      SW
17    38.6   048.8   17:34    29.9   05:12     26.3     00.0   00.00   01.7     14.9    13:41      NW
18    37.8   044.5   16:12    31.2   01:05     27.2     00.0   00.00   00.9     18.4    16:32     NNE
19    35.4   051.3   17:22    26.3   05:45     29.6     00.0   00.00   00.8     12.7    14:50      NW
20    41.7   060.1   16:18    23.5   07:06     23.2     00.0   00.00   00.2     11.5    16:35      N 
21    55.2   071.2   15:24    42.8   00:05     09.7     00.0   00.00   00.4     13.8    01:30     ESE
22    40.3   046.0   00:04    36.7   00:00     24.6     00.0   00.66   01.8     25.3    23:23     ENE
23    34.6   036.8   00:07    32.6   23:58     30.3     00.0   00.17   07.5     28.8    07:03     NNW
24    35.8   040.4   18:13    32.0   02:18     29.1     00.0   00.01   03.0     28.8    02:50     NNW
25    35.9   039.9   06:34    27.1   00:00     29.0     00.0   00.00   01.2     27.6    08:37     WNW
26    25.5   032.5   16:54    19.3   08:17     39.4     00.0   00.00   01.3     18.4    23:48      NW
27    21.9   030.5   16:39    13.8   07:29     43.0     00.0   00.00   01.5     18.4    01:29     NNW
28    27.3   038.2   17:25    13.2   06:57     37.7     00.0   00.00   00.0     10.3    09:08      SE
29    36.8   042.8   16:09    33.0   06:57     28.1     00.0   00.03   00.0     00.0    00:00      SE
30    33.8   037.1   00:39    32.1   07:19     31.1     00.0   00.15   00.0     00.0    00:00     NNE
31    30.9   033.0   01:21    22.6   23:36     34.0     00.0   00.01   00.0     00.0    23:37     NNW
--------------------------------------------------------------------------------------------------------
31.8 (32.0)   71.2  day 21     08.6  day 10   1028.3    000.0   01.51   02.3     28.8   day 11      NW
Max <=  32: 7
Min <=  86: 31
Max <= 23: 1
Min <=  23: 14
Max Rain: 0.66 ON 22-03-22
Days of Rain: 9 (> .008in) 4 (> .08in) 0 (> 0.8in)