NOAA style reports

NOAA-style Climate Reports

Select NOAA data to display

Select a Year or Month report

Report for 2021 Aug

Daily noaa report



                            MONTHLY CLIMATOLOGICAL SUMMARY for AUG. 2021

NAME: DW8463   CITY: Zumbrota STATE: Minnesota
ELEV: 978 ft LAT: 044:18:07 LONG: 0092:40:30

                            TEMPERATURE ( F), RAIN (in.), WIND SPEED (mph)

                                               HEAT     COOL           AVG
      MEAN                                     DEG      DEG            WIND                       DOM
DAY   TEMP    HIGH   TIME     LOW    TIME      DAYS     DAYS    RAIN   SPEED    HIGH    TIME      DIR
--------------------------------------------------------------------------------------------------------
01    66.1   077.1   15:22    54.8   06:23     00.0     01.2   00.00   01.1     18.4    12:36      N 
02    65.4   080.4   13:45    49.7   05:59     00.0     00.5   00.00   00.5     11.5    17:22      NW
03    67.9   082.9   14:09    53.5   06:23     00.0     03.0   00.00   00.5     12.7    14:47      W 
04    69.6   084.5   14:59    53.3   06:26     00.0     04.7   00.00   00.6     13.8    11:31      SW
05    69.3   077.3   17:11    63.9   07:48     00.0     04.4   00.13   00.5     13.8    17:43      S 
06    72.4   083.1   17:37    63.9   06:42     00.0     07.5   00.00   00.4     13.8    01:20      N 
07    68.8   075.7   17:32    63.4   03:28     00.0     03.8   01.15   00.6     16.1    06:03      E 
08    73.0   079.7   15:38    68.0   08:04     00.0     08.0   00.51   00.7     25.3    04:55     SSE
09    72.5   082.1   17:17    65.1   06:40     00.0     07.5   00.00   00.1     09.2    13:56      E 
10    74.4   085.2   13:53    64.3   00:00     00.0     09.4   00.00   00.5     12.7    15:27      SW
11    72.3   084.4   13:53    60.4   00:00     00.0     07.4   00.01   01.3     21.9    16:09      W 
12    69.1   081.1   13:30    57.4   00:00     00.0     04.2   00.00   01.1     19.6    16:01     WNW
13    64.3   077.3   16:10    51.5   04:55     00.6     00.0   00.00   01.2     17.3    17:08     WNW
14    65.9   082.6   16:04    47.7   06:34     00.0     01.0   00.00   00.1     09.2    17:51     WSW
15    68.1   081.3   15:11    52.7   06:24     00.0     03.2   00.00   00.7     14.9    14:57      S 
16    68.3   081.4   15:46    53.0   06:16     00.0     03.4   00.00   00.8     14.9    12:55      S 
17    71.0   084.6   16:05    55.2   05:37     00.0     06.1   00.00   00.8     18.4    15:31      S 
18    74.3   087.5   14:24    60.7   06:09     00.0     09.4   00.00   00.5     14.9    15:20     SSE
19    75.0   088.6   15:04    60.8   06:40     00.0     10.0   00.00   00.4     13.8    13:56     SSE
20    76.1   087.5   15:30    64.8   06:01     00.0     11.2   00.12   01.9     21.9    17:13     SSE
21    67.4   073.2   15:09    54.2   00:00     00.0     02.4   00.05   01.8     19.6    15:26     WNW
22    63.4   077.3   17:04    47.3   06:29     01.6     00.0   00.23   00.8     19.6    21:56      SE
23    72.6   085.3   16:48    62.9   03:55     00.0     07.6   00.21   00.2     10.3    05:58     SSE
24    69.0   074.8   17:32    64.7   08:14     00.0     04.0   01.56   00.7     27.6    07:45      SE
25    71.6   084.0   16:16    61.2   06:55     00.0     06.6   00.01   00.6     13.8    15:43     NNW
26    65.8   076.6   16:01    55.1   06:33     00.0     00.9   00.12   00.4     14.9    17:52      NE
27    70.2   077.5   17:30    67.0   07:44     00.0     05.2   02.96   00.5     16.1    14:16      SE
28    72.3   081.2   15:18    65.1   06:53     00.0     07.3   00.08   00.6     25.3    10:48      S 
29    70.0   079.1   16:17    59.6   00:00     00.0     05.1   00.23   00.9     18.4    01:03      W 
30    67.3   080.9   15:47    53.8   06:52     00.0     02.4   00.00   00.2     11.5    16:20     WNW
31    67.1   078.4   14:37    57.3   06:12     00.0     02.1   00.00   00.5     11.5    16:55      NE
--------------------------------------------------------------------------------------------------------
69.7 (69.8)   88.6  day 19     47.3  day 22   002.2    149.6   07.31   00.7     27.6   day 24      SW
Max >=  86: 3
Min <=  86: 31
Max Rain: 2.96 ON 27-08-21
Days of Rain: 14 (> .008in) 11 (> .08in) 3 (> 0.8in)